+ 2 - 1 + 0. Give b(1).
5
Let w(q) = 2*q + 4. Suppose 0 = y + 6*x - 2*x + 4, -y = -x - 6. Suppose 2*v - 2 = 0, y*s - 8 + 1 = 5*v. Suppose 0 = a + s. What is w(a)?
-2
Let u(h) be the third derivative of h**4/24 + 5*h**3/6 - h**2. Let n(i) = 4*i + 16 - i - 2. Let q(k) = -3*n(k) + 8*u(k). Calculate q(4).
-6
Let w(z) be the third derivative of -z**7/840 + z**6/40 - z**5/15 - z**4/24 + z**3/6 - 2*z**2. Let h(y) be the first derivative of w(y). Give h(8).
-1
Suppose 3*z + 2*x = 7, -3*z = -0*x + 5*x - 4. Let t(c) be the first derivative of -c**4/4 + 2*c**3/3 + 5*c**2/2 - 3*c + 16. Determine t(z).
3
Suppose 8*g - 6*g = 0. Suppose 26 = -7*d + 2*d - 4*y, g = 5*d + 2*y + 28. Let n(v) = v**2 + 5*v. Determine n(d).
6
Let q(r) = -5*r + 3*r + 2 - 7. Give q(-6).
7
Suppose 105 = 5*x - 4*h, 5*x - h + 2*h - 105 = 0. Let f = -18 + x. Let g(q) = q + 4. Determine g(f).
7
Let q(o) = o**2 + 3*o - 6. Suppose 0 = 4*g - 3*v - 35, g + 4*v = 5*v + 9. Suppose 3*w = 4*f + g + 3, 4*w = -2*f - 22. Let i = f - 0. What is q(i)?
4
Let k(r) = 9*r - 2. Let o be 0 - (-1 + -2 - -1). Let a(b) = -4*b + 1. Let f(m) = o*k(m) + 5*a(m). What is f(2)?
-3
Let c(j) = 38*j**2 + 5. Let u(b) = -25*b**2 - 3. Let z(x) = -5*c(x) - 8*u(x). Let v = -17 + 18. Calculate z(v).
9
Let v = 5 - 11. Let j be ((-4)/v)/((-6)/(-27)). Suppose 2*k + 3*p + 2 = 0, j*p + 1 = -3*k - p. Let f(q) = q**3 - 4*q**2 - 5*q - 2. Calculate f(k).
-2
Let z(l) = 5*l - 4. Let j(k) = 6*k - 5. Let f(g) = 4*j(g) - 5*z(g). Calculate f(-1).
1
Let a(k) be the second derivative of -k**5/20 + 5*k**4/12 - 2*k**2 + 27*k. Calculate a(5).
-4
Let j(l) be the second derivative of l + 0 - 1/120*l**5 + 7/24*l**4 + 1/2*l**3 + 0*l**2. Let z(v) be the second derivative of j(v). What is z(5)?
2
Let t(w) = -w**2 + 6*w - 6. Suppose -4*u - 5 = -5*u. Calculate t(u).
-1
Let u(h) = -h**3 + 3*h**2 + 2*h - 4. Suppose -7 = -3*t + 5. Give u(t).
-12
Let g(c) be the second derivative of 7*c**4/12 - c**3/6 - c**2/2 - c. Let z be 147/(-12) - 1/(-4). Let m be ((-2)/(-6))/(4/z). Determine g(m).
7
Let w(s) = -s**3 - 5*s**2 - 5*s - 1. Let q be w(-4). Let y(t) = 9*t + 13*t - 30*t + 4 + 6*t. Determine y(q).
-2
Suppose 0 = d - 7*d + 36. Let s(v) = v**2 - 5*v - 1. Determine s(d).
5
Let p = 4 - 7. Let h = 7 + p. Let i(f) = 2*f + 6. Let z(g) = -3*g - 7. Let a(x) = -5*i(x) - 4*z(x). Determine a(h).
6
Let g(l) be the third derivative of -1/4*l**4 + 0 + 0*l + 6*l**2 - 1/60*l**5 - 7/6*l**3. What is g(-5)?
-2
Let o(w) = w**2 - w. Let f(s) = s + 2. Let y(g) = f(g) + o(g). Give y(-2).
6
Let d(s) = -3*s - 1. Let x = 11 - 4. Suppose 0*u - x = -2*u - 3*q, u + 2*q = 5. Calculate d(u).
2
Let s(v) = v**2 - v - 5. Let z be s(5). Suppose 0 = -5*y - z, -m + 0*m - 21 = y. Let h be 1/2 + m/4. Let i(p) = 2*p + 5. What is i(h)?
-3
Let x(s) = -s**2 + 5*s + 2. Let d = 5 + 18. Let i = d + -19. Calculate x(i).
6
Let v(f) = -f**2 - 3*f - 4. Let t(n) = 2*n**2 + 4*n + 4. Let r = 8 + -10. Let s(k) = r*t(k) - 3*v(k). Determine s(0).
4
Suppose -5*q - 5*h + 28 = 8, 2*q + 3*h = 9. Let d be (0 + 0)/(-3 + 2). Suppose d = q*l - 3 - 3. Let y(o) = -o**2 + 2*o - 2. Determine y(l).
-2
Let j(v) = 4*v**3 - 2*v**2 + 2*v - 1. Suppose 0 = -5*t - z + 5*z - 150, z + 47 = -2*t. Let f be (2/(-3))/(t/39). What is j(f)?
3
Let q(c) = 7*c**2 - 14*c + 10. Suppose -2 - 19 = 3*d. Let z(t) = 8*t**2 - 15*t + 11. Let y(w) = d*q(w) + 6*z(w). Determine y(4).
12
Let c(z) = -2*z - 4. Suppose 0 = 6*x - 2*x + 20, -2*n = 2*x. What is c(n)?
-14
Let o(c) = -12*c**2 + 11*c**2 + 0*c + c + 2. Determine o(2).
0
Let f = 10 + -15. Let z = f - -3. Let i(r) = 0 + 8*r**2 - 9*r**2 + 2 + r - 2*r. Determine i(z).
0
Let o(c) be the third derivative of 1/240*c**6 + 0*c**5 + 0*c + 0*c**3 + 0 - 3*c**2 + 1/24*c**4. Let l(m) be the second derivative of o(m). What is l(-1)?
-3
Let l(f) = f - 7. Let z be l(6). Let j be ((-1)/(-2))/z*0. Suppose -5*d + 2*d + 15 = j. Let k(g) = g**2 - 3*g - 2. Determine k(d).
8
Let f(a) = -a**2 + a - 8. Let w(x) = -x**2 - 7. Let t(o) = -5*f(o) + 6*w(o). Let p(k) = -k**2 + 6*k + 5. Let c be p(7). Calculate t(c).
4
Let q(y) = y**2 - 6*y + 6. Let p be q(3). Let v(o) = 4*o**3 - 2*o**2 - 2*o + 4. Let h(c) = -5*c**3 + 2*c**2 + 3*c - 4. Let g(k) = 5*h(k) + 6*v(k). What is g(p)?
4
Let t(y) be the second derivative of y**6/72 - y**5/120 - y**4/2 + 5*y. Let q(k) be the third derivative of t(k). Calculate q(1).
9
Let b(m) = -7*m**2 + 12*m - 5. Let i(l) = -8*l**2 + 13*l - 5. Let j(f) = -7*b(f) + 6*i(f). Determine j(6).
5
Let u(o) = -2*o + 2. Let m(h) be the third derivative of h**2 + 0*h + 1/2*h**3 - 1/8*h**4 + 0. Let i(n) = 3*m(n) - 4*u(n). Calculate i(-2).
3
Let x be ((-4)/8)/((-1)/(-8)). Let u(v) be the third derivative of v**6/120 + v**5/20 - v**4/8 - v**3/6 - v**2. What is u(x)?
-5
Let c(s) be the second derivative of -s**4/3 - s**3/6 + s**2/2 + s. Let x be 32/(-20)*5/1. Let k = x - -9. Determine c(k).
-4
Suppose -7*j = 5*j - 84. Let b(d) = -2*d + 8. Determine b(j).
-6
Let j be (-5)/(10/(-6)) + 4. Let n = -5 + j. Let w(u) = 2*u**2 + 2 + n*u - 3*u**2 + 2*u. Give w(4).
2
Let u(c) = -c**3 + 6*c**2 - 2*c + 5. Suppose -w - 30 = -6*w. Determine u(w).
-7
Let i(u) = u + 9. Let v be i(-8). Let x(b) = -2*b**3 - 2 + 4 - 4*b**3 - v. Give x(1).
-5
Let l be 312/(-91) + (-8)/14. Let i(q) = 2*q**2 + 4*q. Give i(l).
16
Let a(y) = 9*y**3 - 2*y - 1. Let w(x) = x**2 + 12*x + 35. Let z be w(-6). What is a(z)?
-8
Let y = 8 + -1. Let m(s) = y*s - 2 - 6*s + 2. Give m(2).
2
Let n(b) = -8*b + 4*b**2 + 117 - 5*b**2 - 121. Determine n(-8).
-4
Suppose -4*l + 26 = 5*g, 0*g = -g + 4*l - 14. Suppose 0 = 5*u + g*b - 13, -3*u + u + 6 = b. Let d(c) = -c + 2*c + 4*c. Calculate d(u).
5
Let p(l) = 2*l**3 + 10*l**2 - 2*l - 1. Let u(k) = -3*k**3 - 11*k**2 + k. Let d(j) = -4*p(j) - 3*u(j). Give d(6).
-2
Let p(a) be the third derivative of -a**6/120 - a**5/12 - 5*a**4/24 - 2*a**3/3 - 6*a**2. Give p(-3).
-7
Let a(t) = 3*t - 8. Let h(p) = 4*p**2 - 1. Let s be h(1). Let m(n) = 2*n - 4. Let c(j) = s*a(j) - 5*m(j). Give c(-6).
2
Suppose 3*j + 6 = -6. Let t be (-4)/2 + (-4)/j. Let v(m) = -5*m**3 + m**2 + 2*m + 1. Give v(t).
5
Let h(x) = -3*x**2 + x. Let k(m) = -m + 1. Let j(n) = -h(n) - k(n). Determine j(-2).
11
Let i(m) = -m**3 + 3*m**2 + 2*m - 3. Let s be i(3). Let u(o) = 4*o - 2 + s*o**3 - o**3 - 1 - o - 3*o**2. Calculate u(2).
7
Let z be 0 + 1 + 0 + 2. Suppose 8 = t + z. Suppose t*n - 5 = 6*n. Let v(u) = -u. Determine v(n).
5
Let g(y) = y**3 - 4*y**2 + 3*y - 2. Let t(k) = -4*k - 17. Let d be t(-5). Calculate g(d).
-2
Let c(q) = -q**3 + q**2 - 2. Let k(h) = h - 4. Let o be k(4). Determine c(o).
-2
Let c(o) = 4*o - 5. Let b(m) = -m + 1. Let i(q) = 5*b(q) + c(q). Let f be 0/((-2)/1) - -2. Give i(f).
-2
Suppose -2*y + 3*r - 15 = 0, -r - 12 = y - 4*r. Let t = -1 + y. Let v(g) = -g**2 - 6*g - 5. Determine v(t).
3
Let t(j) = 2*j - 1. Suppose -5*a = 2*n + 6, -a + 3*n = -11 + 2. Suppose a = -2*o - 2*o + 24. Suppose -2 = -4*y + o. Calculate t(y).
3
Let g(s) = -3*s**2 - s**3 + 4 + 0*s**2 - 2*s + 0*s. Let n = 393 + -396. Calculate g(n).
10
Suppose 0 = -8*b + 3*b - 25. Let k(q) = -4 - 8*q + 4 + 7*q. Calculate k(b).
5
Let h(o) = -o**2 - 14*o - 11. Let b be h(-13). Suppose 4*u + j + 13 = 0, -u + 0*u = -b*j + 1. Let z(n) = -n**3 - n**2 + 4*n - 1. Calculate z(u).
5
Let k(l) = -5*l + 1. Let v(j) = j**3 - 9*j**2 + 7. Let z be v(9). Suppose 5*a - 2 = z*a. Determine k(a).
6
Let b(f) = 4*f**2 - f - 1. Suppose 5 = 2*y - y. Suppose -4*h - 4 = -q, y*h + 0*h = -4*q - 26. Let z be 1/(-1)*(-1 - h). Give b(z).
4
Let n(m) = -m**3 - 4*m**2 - m - 4. Suppose 2*b - u + 7 = -b, -b + 4*u + 16 = 0. Give n(b).
0
Let r(l) = -3*l - 9. Let m(o) = o**2 - 8*o + 9. Let v be m(7). Let z(t) = 4*t + 9. Let c(n) = v*z(n) + 3*r(n). What is c(0)?
-9
Let b be -2*(-3)/((-3)/(-2)). Let z(l) be the third derivative of 0 + 1/60*l**5 - 1/3*l**3 + 0*l + 1/4*l**b + 2*l**2. Calculate z(-5).
-7
Let y(k) = 16*k + 6. Let m(t) = 15*t + 5. Let n(z) = 5*m(z) - 4*y(z). Let x be n(-1). Let l = x + 4. Let i(q) = -q**3 - 6*q**2 - 4. Calculate i(l).
-4
Let y(u) = u**2 - u + 2. Let p = -182 - -186. Determine y(p).
14
Let s(l) = l**2 + 8*l + 8. Let z(d) = -d**3 - 6 + 5*d**3 - 3*d**3 + 6*d**2. Let r be z(-6). What is s(r)?
-4
Let t(d) = 5*d - 2*d - 4*d. What is t(-1)?
1
Let n(o) = -8*o**2 + 9*o + 2. Let t(k) = -7*k**2 + 8*k + 2. Let s(q) = -6*